{"id":70,"date":"2012-03-14T12:53:26","date_gmt":"2012-03-14T12:53:26","guid":{"rendered":"http:\/\/www.webtvrennes.com\/pascal-poirier\/?page_id=70"},"modified":"2018-02-20T16:19:10","modified_gmt":"2018-02-20T16:19:10","slug":"shampooing-detente-07","status":"publish","type":"page","link":"https:\/\/www.pascal-poirier.com\/?page_id=70","title":{"rendered":"Soins bien-\u00eatre"},"content":{"rendered":"<h2>Shampooing d\u00e9tente<\/h2>\n<p><img loading=\"lazy\" class=\"aligncenter size-full wp-image-193\" title=\"pascal-poirier-shamp\" src=\"https:\/\/www.pascal-poirier.com\/wp-content\/uploads\/2012\/03\/pascal-poirier-shamp.jpg\" alt=\"\" width=\"450\" height=\"370\" srcset=\"https:\/\/www.pascal-poirier.com\/wp-content\/uploads\/2012\/03\/pascal-poirier-shamp.jpg 450w, https:\/\/www.pascal-poirier.com\/wp-content\/uploads\/2012\/03\/pascal-poirier-shamp-300x246.jpg 300w\" sizes=\"(max-width: 450px) 100vw, 450px\" \/><\/p>\n<p>Le shampooing se fait en position allong\u00e9e, sur un si\u00e8ge adapt\u00e9 et confortable pour la nuque.<\/p>\n<p>C&rsquo;est un moment privil\u00e9gi\u00e9, pour se vider la t\u00eate, pour souffler&#8230;<\/p>\n<p>&nbsp;<\/p>\n<h2>Shiatsu cr\u00e2nien<\/h2>\n<p style=\"text-align: center;\"><img class=\"aligncenter\" title=\"PASCAL POIRIER shiatsu\" src=\"https:\/\/www.pascal-poirier.com\/wp-content\/uploads\/2012\/03\/PASCAL_POIRIER_shiatsu.jpg\" alt=\"\" \/><\/p>\n<p>Parenth\u00e8se de soin dans une vie tr\u00e9pidante,le shiatsu cr\u00e2nien  est  un massage des m\u00e9ridiens du cr\u00e2ne selon les r\u00e8gles de la digitoponcture.<\/p>\n<p>C&rsquo;est un espace de d\u00e9tente indispensable avant la coupe \u00e9nerg\u00e9tique.<\/p>\n<p>&nbsp;<\/p>\n<h2>Soins capillaires naturels<br \/>\nLa Cosm\u00e9tologie Climatique<\/h2>\n<p>Soins capillaires, d\u00e9finis apr\u00e8s examen de votre cuir chevelu.<\/p>\n<p>Entretenir vos cheveux au fil des saisons avec les Shampooings et  Soins naturels \u00e0 base d&rsquo;huiles essentielles, oligo-\u00e9l\u00e9ments, argiles,  algues. (certifi\u00e9 \u00e9cocert)<\/p>\n<p><img loading=\"lazy\" class=\"aligncenter size-full wp-image-226\" title=\"cosmotologie\" src=\"https:\/\/www.pascal-poirier.com\/wp-content\/uploads\/2012\/03\/cosmotologie.jpg\" alt=\"\" width=\"216\" height=\"372\" srcset=\"https:\/\/www.pascal-poirier.com\/wp-content\/uploads\/2012\/03\/cosmotologie.jpg 216w, https:\/\/www.pascal-poirier.com\/wp-content\/uploads\/2012\/03\/cosmotologie-174x300.jpg 174w\" sizes=\"(max-width: 216px) 100vw, 216px\" \/><\/p>\n<p><img loading=\"lazy\" class=\"aligncenter size-full wp-image-227\" title=\"logoecocert\" src=\"https:\/\/www.pascal-poirier.com\/wp-content\/uploads\/2012\/03\/logoecocert.jpg\" alt=\"\" width=\"83\" height=\"86\" \/><\/p>\n<p>&nbsp;<\/p>\n","protected":false},"excerpt":{"rendered":"<p>Shampooing d\u00e9tente Le shampooing se fait en position allong\u00e9e, sur un si\u00e8ge adapt\u00e9 et confortable pour la nuque. C&rsquo;est un moment privil\u00e9gi\u00e9, pour se vider la t\u00eate, pour souffler&#8230; &nbsp; Shiatsu cr\u00e2nien Parenth\u00e8se de soin dans une vie tr\u00e9pidante,le shiatsu cr\u00e2nien est un massage des m\u00e9ridiens du cr\u00e2ne selon les r\u00e8gles de la digitoponcture. C&rsquo;est &hellip; <\/p>\n<p class=\"link-more\"><a href=\"https:\/\/www.pascal-poirier.com\/?page_id=70\" class=\"more-link\">Continuer la lecture<span class=\"screen-reader-text\"> de &laquo;&nbsp;Soins bien-\u00eatre&nbsp;&raquo;<\/span><\/a><\/p>\n","protected":false},"author":1,"featured_media":0,"parent":0,"menu_order":7,"comment_status":"closed","ping_status":"closed","template":"","meta":[],"aioseo_notices":[],"_links":{"self":[{"href":"https:\/\/www.pascal-poirier.com\/index.php?rest_route=\/wp\/v2\/pages\/70"}],"collection":[{"href":"https:\/\/www.pascal-poirier.com\/index.php?rest_route=\/wp\/v2\/pages"}],"about":[{"href":"https:\/\/www.pascal-poirier.com\/index.php?rest_route=\/wp\/v2\/types\/page"}],"author":[{"embeddable":true,"href":"https:\/\/www.pascal-poirier.com\/index.php?rest_route=\/wp\/v2\/users\/1"}],"replies":[{"embeddable":true,"href":"https:\/\/www.pascal-poirier.com\/index.php?rest_route=%2Fwp%2Fv2%2Fcomments&post=70"}],"version-history":[{"count":16,"href":"https:\/\/www.pascal-poirier.com\/index.php?rest_route=\/wp\/v2\/pages\/70\/revisions"}],"predecessor-version":[{"id":275,"href":"https:\/\/www.pascal-poirier.com\/index.php?rest_route=\/wp\/v2\/pages\/70\/revisions\/275"}],"wp:attachment":[{"href":"https:\/\/www.pascal-poirier.com\/index.php?rest_route=%2Fwp%2Fv2%2Fmedia&parent=70"}],"curies":[{"name":"wp","href":"https:\/\/api.w.org\/{rel}","templated":true}]}}