{"id":61,"date":"2012-03-13T19:14:50","date_gmt":"2012-03-13T19:14:50","guid":{"rendered":"http:\/\/www.webtvrennes.com\/pascal-poirier\/?page_id=61"},"modified":"2018-09-19T16:48:27","modified_gmt":"2018-09-19T16:48:27","slug":"coupe-energetique-%c2%a9","status":"publish","type":"page","link":"https:\/\/www.pascal-poirier.com\/?page_id=61","title":{"rendered":"Coupe \u00e9nergetique \u00a9"},"content":{"rendered":"<p><img loading=\"lazy\" class=\"aligncenter size-full wp-image-191\" title=\"pascal-poirier-CHINOISE\" src=\"https:\/\/www.pascal-poirier.com\/wp-content\/uploads\/2012\/03\/pascal-poirier-CHINOISE.jpg\" alt=\"\" width=\"552\" height=\"552\" srcset=\"https:\/\/www.pascal-poirier.com\/wp-content\/uploads\/2012\/03\/pascal-poirier-CHINOISE.jpg 552w, https:\/\/www.pascal-poirier.com\/wp-content\/uploads\/2012\/03\/pascal-poirier-CHINOISE-150x150.jpg 150w, https:\/\/www.pascal-poirier.com\/wp-content\/uploads\/2012\/03\/pascal-poirier-CHINOISE-300x300.jpg 300w\" sizes=\"(max-width: 552px) 100vw, 552px\" \/><\/p>\n<p>Bas\u00e9e sur la m\u00e9decine traditionnelle chinoise, cette technique vibratoire ouvre un espace de rencontre avec soi- m\u00eame, avec ces racines.<\/p>\n<p><img loading=\"lazy\" class=\"aligncenter size-full wp-image-196\" title=\"pascal-poirier-nu\" src=\"https:\/\/www.pascal-poirier.com\/wp-content\/uploads\/2012\/03\/pascal-poirier-nu.jpg\" alt=\"\" width=\"552\" height=\"573\" srcset=\"https:\/\/www.pascal-poirier.com\/wp-content\/uploads\/2012\/03\/pascal-poirier-nu.jpg 552w, https:\/\/www.pascal-poirier.com\/wp-content\/uploads\/2012\/03\/pascal-poirier-nu-289x300.jpg 289w\" sizes=\"(max-width: 552px) 100vw, 552px\" \/><\/p>\n<p>L&rsquo;\u00e9nergie lib\u00e9r\u00e9e va agir sur le follicule pileux, les m\u00e9ridiens et les m\u00e9moires cellulaires.<\/p>\n<p>Vos cheveux seront dynamis\u00e9s, votre cuir chevelu revascularis\u00e9, votre visage apais\u00e9.<\/p>\n<p><img loading=\"lazy\" class=\"aligncenter size-full wp-image-197\" title=\"livre\" src=\"https:\/\/www.pascal-poirier.com\/wp-content\/uploads\/2012\/03\/livre.gif\" alt=\"\" width=\"302\" height=\"475\" srcset=\"https:\/\/www.pascal-poirier.com\/wp-content\/uploads\/2012\/03\/livre.gif 302w, https:\/\/www.pascal-poirier.com\/wp-content\/uploads\/2012\/03\/livre-190x300.gif 190w\" sizes=\"(max-width: 302px) 100vw, 302px\" \/><\/p>\n<p><em>Les vibrations \u00e9mises ont un effet physiologique et \u00e9nerg\u00e9tique, sur le cheveu, le cuir chevelu et l&rsquo;ensemble du corps.<\/em><\/p>\n<p><em>Je consid\u00e8re le corps humain comme un instrument de musique, les cheveux en sont les cordes et mon rasoir\u00a0 \u00ab\u00a0l&rsquo;archet\u00a0\u00bb qui va \u00e9mettre des vibrations.<\/em><\/p>\n<p><em>Ces vibrations vont \u00eatre propag\u00e9es dans les \u00e9cailles du cheveu. Elles vont stimuler la papille, activer la circulation du sang et redresser le muscle \u00e9recteur, qui est responsable du volume.<\/em><\/p>\n<p><em>Ces vibrations vont \u00eatre amplifi\u00e9es par la boite cr\u00e2nienne qui va servir de caisse de r\u00e9sonance, vont contacter le cortex, les deux lobes du cerveau et les oreilles internes. Ces vibrations vont se propager dans votre corps par le liquide C\u00e9phalo-rachidien.<\/em><\/p>\n<p><em>A ce niveau, le mental ne peut intervenir, c&rsquo;est la conscience du corps qui s&rsquo;exprime&#8230;<\/em><\/p>\n<p style=\"text-align: center;\">\n<h2>Questions-r\u00e9ponses<\/h2>\n<p>\u2022 Peut on faire une coupe \u00e9nerg\u00e9tique sans trop couper ?<\/p>\n<p><em>Oui, avec un minimum de 2 cm pour faire passer la vibration dans le cheveu.<\/em><\/p>\n<p>\u2022 Est ce que je peux choisir ma coiffure ?<\/p>\n<p><em>Bien entendu, c&rsquo;est pourquoi il y a la consultation afin d&rsquo;\u00e9tablir un contrat de confiance.<\/em><\/p>\n<p>\u2022 J&rsquo;ai peur de l&rsquo;effet du rasoir sur mon cheveu !<\/p>\n<p><em>Je comprends : le rasoir \u00e0 lame interchangeable a mauvaise r\u00e9putation car il gratte le cheveu donnant l&rsquo;impression d&rsquo;un cheveu frisottant. Alors que le rasoir traditionnel, \u00e0 lame pleine de 7 cm, taille le cheveu de mani\u00e8re franche, nette, comme le jardinier taille la tige des fleurs. <\/em><\/p>\n<p><em><img loading=\"lazy\" class=\"aligncenter size-full wp-image-200\" title=\"pascal-poirier-licence-remi-portrait\" src=\"https:\/\/www.pascal-poirier.com\/wp-content\/uploads\/2012\/03\/pascal-poirier-licence-remi-portrait.jpg\" alt=\"\" width=\"354\" height=\"362\" srcset=\"https:\/\/www.pascal-poirier.com\/wp-content\/uploads\/2012\/03\/pascal-poirier-licence-remi-portrait.jpg 354w, https:\/\/www.pascal-poirier.com\/wp-content\/uploads\/2012\/03\/pascal-poirier-licence-remi-portrait-293x300.jpg 293w\" sizes=\"(max-width: 354px) 100vw, 354px\" \/><br \/>\n<\/em><\/p>\n","protected":false},"excerpt":{"rendered":"<p>Bas\u00e9e sur la m\u00e9decine traditionnelle chinoise, cette technique vibratoire ouvre un espace de rencontre avec soi- m\u00eame, avec ces racines. L&rsquo;\u00e9nergie lib\u00e9r\u00e9e va agir sur le follicule pileux, les m\u00e9ridiens et les m\u00e9moires cellulaires. Vos cheveux seront dynamis\u00e9s, votre cuir chevelu revascularis\u00e9, votre visage apais\u00e9. Les vibrations \u00e9mises ont un effet physiologique et \u00e9nerg\u00e9tique, sur &hellip; <\/p>\n<p class=\"link-more\"><a href=\"https:\/\/www.pascal-poirier.com\/?page_id=61\" class=\"more-link\">Continuer la lecture<span class=\"screen-reader-text\"> de &laquo;&nbsp;Coupe \u00e9nergetique \u00a9&nbsp;&raquo;<\/span><\/a><\/p>\n","protected":false},"author":1,"featured_media":0,"parent":0,"menu_order":5,"comment_status":"closed","ping_status":"closed","template":"","meta":[],"aioseo_notices":[],"_links":{"self":[{"href":"https:\/\/www.pascal-poirier.com\/index.php?rest_route=\/wp\/v2\/pages\/61"}],"collection":[{"href":"https:\/\/www.pascal-poirier.com\/index.php?rest_route=\/wp\/v2\/pages"}],"about":[{"href":"https:\/\/www.pascal-poirier.com\/index.php?rest_route=\/wp\/v2\/types\/page"}],"author":[{"embeddable":true,"href":"https:\/\/www.pascal-poirier.com\/index.php?rest_route=\/wp\/v2\/users\/1"}],"replies":[{"embeddable":true,"href":"https:\/\/www.pascal-poirier.com\/index.php?rest_route=%2Fwp%2Fv2%2Fcomments&post=61"}],"version-history":[{"count":20,"href":"https:\/\/www.pascal-poirier.com\/index.php?rest_route=\/wp\/v2\/pages\/61\/revisions"}],"predecessor-version":[{"id":296,"href":"https:\/\/www.pascal-poirier.com\/index.php?rest_route=\/wp\/v2\/pages\/61\/revisions\/296"}],"wp:attachment":[{"href":"https:\/\/www.pascal-poirier.com\/index.php?rest_route=%2Fwp%2Fv2%2Fmedia&parent=61"}],"curies":[{"name":"wp","href":"https:\/\/api.w.org\/{rel}","templated":true}]}}

Coupe énergetique ©

<p><img loading="lazy" class="aligncenter size-full wp-image-191" title="pascal-poirier-CHINOISE" src="https://www.pascal-poirier.com/wp-content/uploads/2012/03/pascal-poirier-CHINOISE.jpg" alt="" width="552" height="552" srcset="https://www.pascal-poirier.com/wp-content/uploads/2012/03/pascal-poirier-CHINOISE.jpg 552w, https://www.pascal-poirier.com/wp-content/uploads/2012/03/pascal-poirier-CHINOISE-150x150.jpg 150w, https://www.pascal-poirier.com/wp-content/uploads/2012/03/pascal-poirier-CHINOISE-300x300.jpg 300w" sizes="(max-width: 552px) 100vw, 552px" /></p>
<p>Basée sur la médecine traditionnelle chinoise, cette technique vibratoire ouvre un espace de rencontre avec soi- même, avec ces racines.</p>
<p><img loading="lazy" class="aligncenter size-full wp-image-196" title="pascal-poirier-nu" src="https://www.pascal-poirier.com/wp-content/uploads/2012/03/pascal-poirier-nu.jpg" alt="" width="552" height="573" srcset="https://www.pascal-poirier.com/wp-content/uploads/2012/03/pascal-poirier-nu.jpg 552w, https://www.pascal-poirier.com/wp-content/uploads/2012/03/pascal-poirier-nu-289x300.jpg 289w" sizes="(max-width: 552px) 100vw, 552px" /></p>
<p>L&rsquo;énergie libérée va agir sur le follicule pileux, les méridiens et les mémoires cellulaires.</p>
<p>Vos cheveux seront dynamisés, votre cuir chevelu revascularisé, votre visage apaisé.</p>
<p><img loading="lazy" class="aligncenter size-full wp-image-197" title="livre" src="https://www.pascal-poirier.com/wp-content/uploads/2012/03/livre.gif" alt="" width="302" height="475" srcset="https://www.pascal-poirier.com/wp-content/uploads/2012/03/livre.gif 302w, https://www.pascal-poirier.com/wp-content/uploads/2012/03/livre-190x300.gif 190w" sizes="(max-width: 302px) 100vw, 302px" /></p>
<p><em>Les vibrations émises ont un effet physiologique et énergétique, sur le cheveu, le cuir chevelu et l&rsquo;ensemble du corps.</em></p>
<p><em>Je considère le corps humain comme un instrument de musique, les cheveux en sont les cordes et mon rasoir  « l&rsquo;archet » qui va émettre des vibrations.</em></p>
<p><em>Ces vibrations vont être propagées dans les écailles du cheveu. Elles vont stimuler la papille, activer la circulation du sang et redresser le muscle érecteur, qui est responsable du volume.</em></p>
<p><em>Ces vibrations vont être amplifiées par la boite crânienne qui va servir de caisse de résonance, vont contacter le cortex, les deux lobes du cerveau et les oreilles internes. Ces vibrations vont se propager dans votre corps par le liquide Céphalo-rachidien.</em></p>
<p><em>A ce niveau, le mental ne peut intervenir, c&rsquo;est la conscience du corps qui s&rsquo;exprime&#8230;</em></p>
<p style="text-align: center;">
<h2>Questions-réponses</h2>
<p>• Peut on faire une coupe énergétique sans trop couper ?</p>
<p><em>Oui, avec un minimum de 2 cm pour faire passer la vibration dans le cheveu.</em></p>
<p>• Est ce que je peux choisir ma coiffure ?</p>
<p><em>Bien entendu, c&rsquo;est pourquoi il y a la consultation afin d&rsquo;établir un contrat de confiance.</em></p>
<p>• J&rsquo;ai peur de l&rsquo;effet du rasoir sur mon cheveu !</p>
<p><em>Je comprends : le rasoir à lame interchangeable a mauvaise réputation car il gratte le cheveu donnant l&rsquo;impression d&rsquo;un cheveu frisottant. Alors que le rasoir traditionnel, à lame pleine de 7 cm, taille le cheveu de manière franche, nette, comme le jardinier taille la tige des fleurs. </em></p>
<p><em><img loading="lazy" class="aligncenter size-full wp-image-200" title="pascal-poirier-licence-remi-portrait" src="https://www.pascal-poirier.com/wp-content/uploads/2012/03/pascal-poirier-licence-remi-portrait.jpg" alt="" width="354" height="362" srcset="https://www.pascal-poirier.com/wp-content/uploads/2012/03/pascal-poirier-licence-remi-portrait.jpg 354w, https://www.pascal-poirier.com/wp-content/uploads/2012/03/pascal-poirier-licence-remi-portrait-293x300.jpg 293w" sizes="(max-width: 354px) 100vw, 354px" /><br />
</em></p>

<p>Basée sur la médecine traditionnelle chinoise, cette technique vibratoire ouvre un espace de rencontre avec soi- même, avec ces racines. L&rsquo;énergie libérée va agir sur le follicule pileux, les méridiens et les mémoires cellulaires. Vos cheveux seront dynamisés, votre cuir chevelu revascularisé, votre visage apaisé. Les vibrations émises ont un effet physiologique et énergétique, sur &hellip; </p>
<p class="link-more"><a href="https://www.pascal-poirier.com/?page_id=61" class="more-link">Continuer la lecture<span class="screen-reader-text"> de &laquo;&nbsp;Coupe énergetique ©&nbsp;&raquo;</span></a></p>
