{"id":290,"date":"2018-09-19T16:34:44","date_gmt":"2018-09-19T16:34:44","guid":{"rendered":"http:\/\/www.pascal-poirier.com\/?page_id=290"},"modified":"2018-09-19T16:56:23","modified_gmt":"2018-09-19T16:56:23","slug":"decodage-psycho-capillaire","status":"publish","type":"page","link":"https:\/\/www.pascal-poirier.com\/?page_id=290","title":{"rendered":"D\u00e9codage psycho-capillaire\u00a9"},"content":{"rendered":"<p style=\"text-align: center;\"><img class=\"aligncenter\" title=\"elements\" src=\"https:\/\/www.pascal-poirier.com\/wp-content\/uploads\/2012\/03\/elements.jpg\" alt=\"\" \/><\/p>\n<p>On ne change pas de coiffure sans raison, un changement de coiffure signale toujours un changement d&rsquo;\u00e9tat d&rsquo;\u00e2me.<\/p>\n<p><img loading=\"lazy\" class=\"aligncenter size-full wp-image-202\" title=\"pascal-poirier-adn\" src=\"https:\/\/www.pascal-poirier.com\/wp-content\/uploads\/2012\/03\/pascal-poirier-adn.jpg\" alt=\"\" width=\"552\" height=\"552\" srcset=\"https:\/\/www.pascal-poirier.com\/wp-content\/uploads\/2012\/03\/pascal-poirier-adn.jpg 552w, https:\/\/www.pascal-poirier.com\/wp-content\/uploads\/2012\/03\/pascal-poirier-adn-150x150.jpg 150w, https:\/\/www.pascal-poirier.com\/wp-content\/uploads\/2012\/03\/pascal-poirier-adn-300x300.jpg 300w\" sizes=\"(max-width: 552px) 100vw, 552px\" \/><\/p>\n<p>Antennes \u00e9mettrices et r\u00e9ceptrices du corps humain, les cheveux sont des t\u00e9moins silencieux : ils gardent\u00a0 la m\u00e9moires de ce que nous avons ing\u00e9r\u00e9 et de ce que nous avons ressenti.<\/p>\n<p>D\u00e9mangeaisons, cheveux gras, secs ou fourchus, perte de cheveux ou frisure de peur, autant d&rsquo;informations pour qui sait les d\u00e9coder, m\u00eame un \u00e9pi peut en dire long, selon le m\u00e9ridien sur lequel il se trouve.<\/p>\n<p>Tout ce qui est\u00a0 ramen\u00e9 \u00e0 la conscience, permet d&rsquo;entamer un nouveau processus d&rsquo;\u00e9volution.<\/p>\n<p style=\"text-align: center;\"><img loading=\"lazy\" class=\"aligncenter size-full wp-image-199\" title=\"pascal-poirier-livre-cheveux\" src=\"https:\/\/www.pascal-poirier.com\/wp-content\/uploads\/2012\/03\/pascal-poirier-livre-cheveux.jpg\" alt=\"\" width=\"146\" height=\"227\" \/><\/p>\n<p><em>\u00ab Sous un microscope, un scientifique peut d\u00e9chiffrer gr\u00e2ce \u00e0 un cheveu, le patrimoine g\u00e9n\u00e9tique d&rsquo;un individu, l&rsquo;ADN dans le bulbe du cheveu \u00bb<\/em><\/p>\n<p style=\"text-align: center;\">R\u00e9mi Portrait<\/p>\n","protected":false},"excerpt":{"rendered":"<p>On ne change pas de coiffure sans raison, un changement de coiffure signale toujours un changement d&rsquo;\u00e9tat d&rsquo;\u00e2me. Antennes \u00e9mettrices et r\u00e9ceptrices du corps humain, les cheveux sont des t\u00e9moins silencieux : ils gardent\u00a0 la m\u00e9moires de ce que nous avons ing\u00e9r\u00e9 et de ce que nous avons ressenti. D\u00e9mangeaisons, cheveux gras, secs ou fourchus, &hellip; <\/p>\n<p class=\"link-more\"><a href=\"https:\/\/www.pascal-poirier.com\/?page_id=290\" class=\"more-link\">Continuer la lecture<span class=\"screen-reader-text\"> de &laquo;&nbsp;D\u00e9codage psycho-capillaire\u00a9&nbsp;&raquo;<\/span><\/a><\/p>\n","protected":false},"author":1,"featured_media":0,"parent":0,"menu_order":0,"comment_status":"closed","ping_status":"closed","template":"","meta":[],"aioseo_notices":[],"_links":{"self":[{"href":"https:\/\/www.pascal-poirier.com\/index.php?rest_route=\/wp\/v2\/pages\/290"}],"collection":[{"href":"https:\/\/www.pascal-poirier.com\/index.php?rest_route=\/wp\/v2\/pages"}],"about":[{"href":"https:\/\/www.pascal-poirier.com\/index.php?rest_route=\/wp\/v2\/types\/page"}],"author":[{"embeddable":true,"href":"https:\/\/www.pascal-poirier.com\/index.php?rest_route=\/wp\/v2\/users\/1"}],"replies":[{"embeddable":true,"href":"https:\/\/www.pascal-poirier.com\/index.php?rest_route=%2Fwp%2Fv2%2Fcomments&post=290"}],"version-history":[{"count":6,"href":"https:\/\/www.pascal-poirier.com\/index.php?rest_route=\/wp\/v2\/pages\/290\/revisions"}],"predecessor-version":[{"id":300,"href":"https:\/\/www.pascal-poirier.com\/index.php?rest_route=\/wp\/v2\/pages\/290\/revisions\/300"}],"wp:attachment":[{"href":"https:\/\/www.pascal-poirier.com\/index.php?rest_route=%2Fwp%2Fv2%2Fmedia&parent=290"}],"curies":[{"name":"wp","href":"https:\/\/api.w.org\/{rel}","templated":true}]}}

Décodage psycho-capillaire©

<p style="text-align: center;"><img class="aligncenter" title="elements" src="https://www.pascal-poirier.com/wp-content/uploads/2012/03/elements.jpg" alt="" /></p>
<p>On ne change pas de coiffure sans raison, un changement de coiffure signale toujours un changement d&rsquo;état d&rsquo;âme.</p>
<p><img loading="lazy" class="aligncenter size-full wp-image-202" title="pascal-poirier-adn" src="https://www.pascal-poirier.com/wp-content/uploads/2012/03/pascal-poirier-adn.jpg" alt="" width="552" height="552" srcset="https://www.pascal-poirier.com/wp-content/uploads/2012/03/pascal-poirier-adn.jpg 552w, https://www.pascal-poirier.com/wp-content/uploads/2012/03/pascal-poirier-adn-150x150.jpg 150w, https://www.pascal-poirier.com/wp-content/uploads/2012/03/pascal-poirier-adn-300x300.jpg 300w" sizes="(max-width: 552px) 100vw, 552px" /></p>
<p>Antennes émettrices et réceptrices du corps humain, les cheveux sont des témoins silencieux : ils gardent  la mémoires de ce que nous avons ingéré et de ce que nous avons ressenti.</p>
<p>Démangeaisons, cheveux gras, secs ou fourchus, perte de cheveux ou frisure de peur, autant d&rsquo;informations pour qui sait les décoder, même un épi peut en dire long, selon le méridien sur lequel il se trouve.</p>
<p>Tout ce qui est  ramené à la conscience, permet d&rsquo;entamer un nouveau processus d&rsquo;évolution.</p>
<p style="text-align: center;"><img loading="lazy" class="aligncenter size-full wp-image-199" title="pascal-poirier-livre-cheveux" src="https://www.pascal-poirier.com/wp-content/uploads/2012/03/pascal-poirier-livre-cheveux.jpg" alt="" width="146" height="227" /></p>
<p><em>« Sous un microscope, un scientifique peut déchiffrer grâce à un cheveu, le patrimoine génétique d&rsquo;un individu, l&rsquo;ADN dans le bulbe du cheveu »</em></p>
<p style="text-align: center;">Rémi Portrait</p>

<p>On ne change pas de coiffure sans raison, un changement de coiffure signale toujours un changement d&rsquo;état d&rsquo;âme. Antennes émettrices et réceptrices du corps humain, les cheveux sont des témoins silencieux : ils gardent  la mémoires de ce que nous avons ingéré et de ce que nous avons ressenti. Démangeaisons, cheveux gras, secs ou fourchus, &hellip; </p>
<p class="link-more"><a href="https://www.pascal-poirier.com/?page_id=290" class="more-link">Continuer la lecture<span class="screen-reader-text"> de &laquo;&nbsp;Décodage psycho-capillaire©&nbsp;&raquo;</span></a></p>
